 0 = -k + 2*k - 2. What are the prime factors of p?
2, 79
Let q(p) be the first derivative of 5*p**4/4 + p**3/3 + p**2/2 - 12*p + 8. Let u(r) be the first derivative of q(r). List the prime factors of u(-2).
3, 19
What are the prime factors of (-115)/23 - (0 - -5 - 13575)?
5, 2713
Suppose -5*t + 35904 = 3*w, 35939 = -4*t + 9*t - 2*w. What are the prime factors of t?
3, 5, 479
Let p = -38214 + 66563. List the prime factors of p.
28349
Let n be ((-18)/(-24))/(2/376). Let f = 244 - n. What are the prime factors of f?
103
Suppose 0 = -2*v + 3*t + 3, 4*v - 23 + 7 = -4*t. Suppose -n + v*n = -262. Let a = n - -237. What are the prime factors of a?
2, 53
Let n(f) = 13*f**2 + 99*f - 7. Let j be n(-8). Let o(y) = 4*y**2 - 76*y + 54. List the prime factors of o(j).
2, 3, 317
List the prime factors of 23350/3 + (-55)/(-33).
3, 5, 173
Suppose -4*v + 2 = 4*n + n, v + 4 = n. Suppose n*k - 5*w = 533 + 401, 0 = 2*k + 3*w - 902. List the prime factors of k.
457
Suppose 5*t + 68 = -2*a + 689, -4*t = 5*a - 490. Suppose u - t = -47. Let v = u - 75. What are the prime factors of v?
3
Let t = -2046 + 2689. What are the prime factors of t?
643
Let l = -49 - -58. Suppose -t - l*t - 70 = 0. Let b(g) = g**3 + 9*g**2 + 7*g + 16. List the prime factors of b(t).
5, 13
Suppose 0 = 5*k - 30 - 30. List the prime factors of 8564/k - -7*(-8)/84.
23, 31
Suppose -56*i - 554883 = -21*v - 53*i, 4*v = 5*i + 105723. What are the prime factors of v?
2, 11, 1201
Let w = 1085 + -574. Let u = w - 301. What are the prime factors of u?
2, 3, 5, 7
Let t(g) = 2*g + 58. Let p be t(-17). Suppose 37 = k + p. Suppose -k*c - 1089 = -22*c. List the prime factors of c.
11
Suppose 6*g = 5*f + 63285, 3*g - 3*f - 2*f = 31650. What are the prime factors of g?
3, 5, 19, 37
Suppose 0 = 30*d + 42559 - 148939. List the prime factors of d.
2, 3, 197
Let m be 1968/42 + 1/7. Suppose 2*u - 80 = 4*s, -u + 3*s = -4*u + 84. Let y = m - u. What are the prime factors of y?
3, 5
Let n(g) be the third derivative of -g**6/120 - g**5/20 + 5*g**4/24 + 2*g**3/3 + g**2 + 1. List the prime factors of n(-8).
2, 71
Let q(p) = p**2 - p. Let f(u) = 8*u**2 - 12*u + 8. Let j(h) = -2*f(h) + 18*q(h). Let y be j(-5). Suppose -y*a + 307 = -353. What are the prime factors of a?
3, 5, 11
Let r(x) = x**3 + 7*x**2 - 17*x + 14. Let k be r(-9). List the prime factors of (-21)/35 + 1773/k.
2, 3, 59
Let t = -19515 + 30600. List the prime factors of t.
3, 5, 739
Let l(z) = -301*z - 330. What are the prime factors of l(-39)?
3, 3803
Let k(y) = -2535*y - 618. What are the prime factors of k(-3)?
3, 17, 137
Let o(t) = 20*t**2 + 108*t - 48. List the prime factors of o(35).
2, 3529
Suppose 22 = 4*h + u, -2*h = 12*u - 11*u - 12. Suppose -5*x + 0*i = 4*i - 3275, -1965 = -3*x + h*i. List the prime factors of x.
5, 131
Let d = 35447 + -16979. What are the prime factors of d?
2, 3, 19
Let q(t) = 215*t + 4356. List the prime factors of q(14).
2, 29, 127
Suppose 1500 + 964 = 4*t - 1132. What are the prime factors of t?
29, 31
Suppose 3*o + 2288 = 5*t - 6105, 0 = -4*t - o + 6711. Let k = t - 994. Suppose k = -c + 10*c. List the prime factors of c.
2, 19
Let c(w) = 65*w**3 - 35*w**2 + 9*w - 19. List the prime factors of c(9).
2, 19, 587
Let m be 130/975 - (-193)/15. Suppose 0 = -m*y + 27*y - 2856. List the prime factors of y.
2, 3, 17
Let a(f) = 99*f**3 - 6*f**2 + 3*f + 5. Let p be a(3). Suppose -6241 - p = -18*s. List the prime factors of s.
17, 29
What are the prime factors of 13*(-18)/(-585) + (-109526)/(-10)?
3, 1217
Let l = 96922 - 55791. List the prime factors of l.
41131
Suppose 2*n = 3*n - 22. What are the prime factors of ((-66)/n)/(3/(-325))?
5, 13
Suppose -24*q = -20*q - 16. Let n be q/3 + ((-8)/6)/(-2). Suppose n*u + u = 225. List the prime factors of u.
3, 5
What are the prime factors of (-724312)/(-116) + 14/(-203)?
2, 7, 223
Let u(i) = 29 + i**2 + 3*i - i**3 - 5*i - 24. Let m be u(0). Suppose 0 = -t + 4*t, -8 = -4*l - m*t. List the prime factors of l.
2
Suppose -8*v + 3*y - 7400 = -12*v, v + 2*y = 1855. What are the prime factors of v?
1847
Let c = -68 - -73. Suppose -4*g - 4*a + 168 = 0, g - c*a = -6 + 30. What are the prime factors of g - 1/4*4?
2, 19
Suppose -2*g + 6026 = -2*h, 3*g + h = 6*h + 9029. Let k = -1478 + g. What are the prime factors of k/32 - 1/8?
2, 3
Let t(i) = 467*i - 1259. List the prime factors of t(49).
2, 3, 17, 53
Let f(c) = -6*c + 2*c + 103*c**2 - 2 - 102*c**2 + 14*c. List the prime factors of f(-15).
73
Suppose 5*z - 24 = -z. Suppose -9 - 3 = z*w, w = 3*s - 12. Suppose 1152 = 5*n + s*n. What are the prime factors of n?
2, 3
Let f(r) = 114*r + 971. What are the prime factors of f(0)?
971
Let v(d) = 46*d - 23. Let b be v(7). Suppose 3*j + 595 = 12*c - 8*c, -b = -2*c + j. What are the prime factors of c?
151
Let j(r) = -16*r + 59. Let a be j(-16). Suppose -2*s - s = 2*m - a, -4*s + 20 = 0. What are the prime factors of m?
2, 3, 5
Let y(z) = 24*z**3 + 8*z - 313. List the prime factors of y(10).
23767
Let z(v) = -2*v**3 - 39*v**2 + 19*v - 29. Let c be z(-20). Let s = 1461 - c. What are the prime factors of s?
2, 3, 5, 7
Suppose 1652*v - 1666*v - 1494 + 49668 = 0. What are the prime factors of v?
3, 31, 37
Let k(w) = 58*w**2 - 23*w - 444. List the prime factors of k(-20).
2, 1451
Let y(t) be the first derivative of -9*t**2/2 - 21*t - 18. Let z be y(-4). Suppose -z*i + 18*i = 423. What are the prime factors of i?
3, 47
Let k(s) = s**3 - 4*s**2 + 11*s - 24. Let r be k(3). Suppose 1068 + r = 6*q. List the prime factors of q.
2, 89
Suppose -2*w + 4*d = -506, -3*w + 2*w = 5*d - 239. Let j = -131 + w. Suppose 113*r = j*r - 585. What are the prime factors of r?
3, 13
Let m(c) = -c**3 + 4*c**2 + 8*c + 4. Let q be m(-10). Suppose -3*x = 5*w + 219 - 1228, 4*x - q = 4*w. List the prime factors of x.
3, 37
Suppose 5*m + 2*k + 12 = 6*k, -4*m = -k + 14. What are the prime factors of 250 - (4/2 - m)?
2, 61
Suppose -142*j + 131*j - 13529 + 68100 = 0. What are the prime factors of j?
11, 41
Let s(v) = 3*v + 78 + 0*v + 7 - 12. List the prime factors of s(20).
7, 19
Let w = 8201 + -421. What are the prime factors of w?
2, 5, 389
Let g be -2 + (-17)/((-102)/468). Let z = 84 - g. List the prime factors of z.
2
Let o(j) = 207*j - 3423. List the prime factors of o(29).
2, 3, 5, 43
Let u(y) = -y**3 + 11*y**2 - 14*y - 6. Suppose -2*r - 10 = -3*p, 5*p - 10 = 7*r - 2*r. Let s be u(p). Suppose 0 = -l + s. What are the prime factors of l?
2, 3, 5
Suppose -5*q + 37 + 93 = 3*a, -36 = -2*q + 2*a. Let v = 361 - q. What are the prime factors of v?
2, 13
Let d = -75 + 80. Suppose -3*r + 1277 = m, -1699 = -4*r - 0*r - d*m. List the prime factors of r.
2, 3, 71
What are the prime factors of (400/350)/((-2)/(-12341))?
2, 41, 43
Let a be 119/(-14) - (-6)/4. Let c = a + 366. What are the prime factors of c?
359
Let c be (115 - 3)*(2/4 - 0). Let u = 51 - c. List the prime factors of -174*(1 - (-3 - u)).
2, 3, 29
Let y(n) = 174*n + 543. What are the prime factors of y(20)?
3, 149
Suppose 3*b = 2*s + 2*b - 9, 4*b = 3*s - 16. Suppose 3*u - 8 = s. Suppose u*f - 205 - 87 = 0. List the prime factors of f.
73
Suppose 0 = -4*g + 5*g + 2*a - 6, 0 = -4*g + 3*a - 9. Let x be g/(-13)*(-2)/4. Suppose 2*k + 2*t = 344, 3*k + x*t - 528 = t. List the prime factors of k.
5, 7
Let o(x) = x**3 + 115*x**2 + 1290*x + 6. What are the prime factors of o(-97)?
2, 3, 73, 101
Suppose -5*n - 4*f - 3*f = -22677, -18148 = -4*n - 4*f. What are the prime factors of n?
19, 239
Let l(k) = 43*k - 19. Suppose 0 = -2*z, -21 = -2*i + 3*z + 1. What are the prime factors of l(i)?
2, 227
Let q(a) = 72*a - 12. Let s be q(5). Suppose h = -0*p + 2*p + 75, -4*p + s = 4*h. Suppose 5*g + h = 3*t, 7*g - 4*g = -12. What are the prime factors of t?
3, 7
Let v(p) = 513*p**2 + 5*p - 1. Let w(z) = 2*z**2 - 7*z - 29. Let a be w(6). What are the prime factors of v(a)?
11, 47
Suppose 28 = 2*d + 10. Suppose -d + 15 = 3*k. Let m(y) = 11*y**3 - 3*y**2 + 5*y - 5. What are the prime factors of m(k)?
3
Suppose 5*j = u + 43874, j - 3584 = 4*u + 5168. What are the prime factors of j?
2, 1097
Let q be (-2480)/465*2/((-8)/6). Suppose 0 = -q*f + 5074 + 1230. List the prime factors of f.
2, 197
Suppose 209*y = -2680771 + 9247760. List the prime factors of y.
13, 2417
Let i(a) = -215 + 52 + 96 + 9*a + 41 + 91. What are the p